 to base 14.
423ba
210120110202 (base 3) to base 5
102041442
What is -12506ca (base 14) in base 4?
-201210012122
What is -6a002 (base 12) in base 7?
-1130054
-11010000011100100011 (base 2) to base 12
-352117
What is -16ced (base 16) in base 5?
-10442141
Convert -15642 (base 12) to base 2.
-111011001010010
-ea6cc (base 15) to base 7
-6216135
321221401 (base 5) to base 2
101001001111100110100
111011021112 (base 3) to base 7
2126045
Convert -111022605 (base 7) to base 8.
-31464744
330313130 (base 4) to base 14
66bda
Convert -123013255 (base 6) to base 9.
-4428728
What is -3965847 (base 10) in base 9?
-7414106
11531521 (base 7) to base 6
34050321
Convert -220211212212201 (base 3) to base 2.
-110010010111111000011001
-2123465 (base 7) to base 6
-5311135
Convert cc78 (base 16) to base 4.
30301320
What is 13113752 (base 9) in base 11?
3702830
What is 39a48 (base 12) in base 9?
130642
Convert -2608269 (base 12) to base 4.
-130201331301
Convert 2612543 (base 7) to base 4.
1102320233
What is 31223114 (base 5) in base 2?
111110111101110101
What is -712406 (base 14) in base 2?
-1110100010000010110110
Convert -100221101002 (base 3) to base 13.
-6b087
-434ba (base 12) to base 16
-15b0e
Convert -1434114222 (base 5) to base 10.
-3816812
1b74d (base 14) to base 9
116063
14101330 (base 6) to base 7
4014621
Convert -111143044 (base 5) to base 15.
-9a484
-102202222 (base 3) to base 5
-233320
Convert 1000121112210 (base 3) to base 14.
1020da
What is 60649 (base 15) in base 2?
1001010100000010001
What is -110012001 (base 4) in base 11?
-56923
-2bc226 (base 13) to base 14
-202c03
1310220434 (base 5) to base 7
36201525
Convert -33d419 (base 16) to base 6.
-200445053
411201040 (base 5) to base 4
12111322311
Convert -261aa4 (base 11) to base 12.
-17a937
Convert -304130201 (base 5) to base 14.
-243986
83513 (base 11) to base 3
20011222220
Convert 24225043 (base 6) to base 14.
15d0c3
3c8829 (base 16) to base 11
226a52a
Convert -175306 (base 10) to base 11.
-10a78a
Convert 1dbcb (base 16) to base 15.
26153
What is -226008 (base 10) in base 15?
-46e73
Convert 12351377 (base 8) to base 12.
b0227b
Convert -93138 (base 14) to base 12.
-150ba6
-112000203 (base 4) to base 12
-44203
What is -72b72 (base 12) in base 10?
-150278
Convert 122451 (base 7) to base 16.
57ff
Convert -132140243 (base 5) to base 11.
-412371
Convert -114059 (base 13) to base 3.
-202202122122
What is 32356 (base 11) in base 3?
2101111002
What is 78952 (base 10) in base 9?
130264
23a7041 (base 12) to base 16
69dd71
Convert 331428 (base 9) to base 15.
3d98e
What is -39b870 (base 16) in base 12?
-1325128
Convert -62715 (base 9) to base 4.
-22012331
Convert -412130350 (base 6) to base 13.
-1619382
-1432532 (base 6) to base 16
-14168
2220202111211 (base 3) to base 11
969788
What is 57bbba (base 15) in base 6?
225454521
What is 86732 (base 15) in base 6?
13052132
813da2 (base 15) to base 2
10111011010101111001011
What is -232645 (base 8) in base 14?
-20c61
Convert -da976 (base 14) to base 4.
-2001011030
Convert 14108c (base 14) to base 16.
a9854
-22477 (base 16) to base 9
-233537
-40311261 (base 7) to base 16
-331416
-7ab9 (base 13) to base 9
-25554
Convert -2220311212 (base 4) to base 10.
-691558
What is -200210100212020 (base 3) in base 8?
-46060645
114430433 (base 5) to base 11
343030
330012 (base 5) to base 14
4161
58384 (base 13) to base 12
79204
Convert 1640499 (base 10) to base 6.
55054523
1001001001111100001 (base 2) to base 3
120020112011
-447223 (base 10) to base 11
-286007
What is 220c1 (base 16) in base 7?
1120403
What is -145526666 (base 7) in base 3?
-200022202122112
Convert 1848167 (base 10) to base 2.
111000011001101100111
What is 10100100101110001101 (base 2) in base 15?
d4da1
-111111011100111101 (base 2) to base 14
-6aa05
What is -205ab4 (base 15) in base 5?
-343204134
What is 311312010311 (base 4) in base 3?
222120010022102
What is -1551141 (base 6) in base 2?
-10110100010000101
What is 12412221 (base 6) in base 12?
177071
1863c (base 16) to base 12
49990
What is 1023551 (base 7) in base 10?
123761
What is -1342010 (base 7) in base 12?
-8727b
210111120001 (base 3) to base 5
102020401
What is -2203f (base 16) in base 10?
-139327
What is 10110001010110111111111 (base 2) in base 8?
26126777
-272465 (base 11) to base 15
-86b56
3160a0 (base 11) to base 7
4204620
-60784 (base 12) to base 14
-33a60
What is 1615216 (base 7) in base 2?
110110010111111110
Convert -10101131301 (base 4) to base 13.
-302ab7
What is 2020400 (base 5) in base 7?
164021
Convert 10340235 (base 6) to base 5.
34333133
What is -562782 (base 11) in base 7?
-10423200
What is 20450053 (base 6) in base 10?
597489
Convert -135135211 (base 6) to base 9.
-5174527
Convert -21020011 (base 3) to base 16.
-1495
What is 22203231 (base 4) in base 13?
168b7
5e2daf (base 16) to base 12
209797b
What is 1110100100010110101 (base 2) in base 10?
477365
What is 5530343 (base 7) in base 8?
2457355
Convert -860192 (base 13) to base 4.
-23333011232
Convert -395ac (base 13) to base 2.
-11001111111001011
What is 38860 (base 10) in base 2?
1001011111001100
12712 (base 9) to base 11
6506
-110001101100011 (base 2) to base 16
-6363
-168133 (base 11) to base 13
-91291
-150b938 (base 14) to base 8
-47064636
-1243653 (base 14) to base 5
-4221041304
-21403401 (base 5) to base 3
-100101120100
What is -346763 (base 8) in base 16?
-1cdf3
-9733 (base 14) to base 9
-38734
What is -51160 (base 12) in base 4?
-121302120
Convert -10001011001100111101010 (base 2) to base 12.
-163b836
10120101200 (base 3) to base 10
70272
What is -9a1b6 (base 16) in base 6?
-21310154
-30b38 (base 14) to base 16
-1cace
What is 2c580b (base 13) in base 3?
2001202201022
-24048 (base 11) to base 4
-20131202
What is -55183 (base 9) in base 2?
-1000111011111110
14312 (base 9) to base 7
40241
11011110111111011011 (base 2) to base 11
574258
Convert 1121314344 (base 5) to base 12.
a19b28
2122222102 (base 3) to base 5
3134342
What is 23003444 (base 6) in base 7?
5645512
What is 57621 (base 10) in base 6?
1122433
Convert 66355 (base 14) to base 2.
111100011101000111
-5350052 (base 7) to base 10
-650708
What is -300139 (base 11) in base 8?
-1657764
What is 22200102331 (base 4) in base 10?
2753725
38aab (base 13) to base 12
50996
What is -24343 (base 10) in base 3?
-1020101121
What is 334000 (base 8) in base 10?
112640
What is -14764 (base 13) in base 14?
-10102
-bb947 (base 14) to base 11
-2905a1
-56787 (base 12) to base 11
-79580
What is -11331142 (base 6) in base 3?
-122222201022
-233554 (base 10) to base 4
-321001102
What is -4376421 (base 8) in base 15?
-184482
-446 (base 13) to base 14
-3a6
What is 103200101201 (base 4) in base 2?
10011100000010001100001
Convert 426344 (base 12) to base 5.
232011102
-10422435 (base 6) to base 13
-b0048
What is -11014233 (base 5) in base 15?
-1d1e8
-235838 (base 12) to base 16
-8b16c
Convert 10110000001111111000 (base 2) to base 15.
e3d77
What is -1796a96 (base 12) in base 2?
-10010110010101110010010
101200112202 (base 3) to base 11
134048
96d241 (base 14) to base 2
10011011110110101011001
What is 14203102124 (base 5) in base 7?
312323330
What is -1371d34 (base 14) in base 16?
-8fb22a
6d5ad (base 15) to base 5
42131123
Convert 20133123 (base 4) to base 8.
103733
Convert 43a832 (base 12) to base 16.
106b26
What is 20100011012022 (base 3) in base 11?
19a1083
What is -4e21e (base 15) in base 3?
-110201020202
Convert 573530 (base 16) to base 9.
11670755
Convert -217a60 (base 13) to base 8.
-3003506
aa6c8 (base 14) to base 2
1100100110100011000
What is -c11ca (base 15) in base 8?
-2251732
58a55 (base 11) to base 10
85123
-60554 (base 11) to base 13
-31396
Convert 1922a48 (base 12) to base 14.
9b3360
What is -3123102121 (base 4) in base 7?
-10430443
472a75 (base 13) to base 7
20242562
-3684051 (base 11) to base 7
-105300042
20112001020212 (base 3) to base 9
6461225
-3adf65 (base 16) to base 7
-44536423
What is -1128709 (base 10) in base 7?
-12410461
-642442 (base 7) to base 10
-111358
What is f0ce6 (base 16) in base 8?
3606346
Convert -22b26 (base 12) to base 14.
-12d66
Convert -76158 (base 16) to base 2.
-1110110000101011000
What is -11000000011010011 (base 2) in base 10?
-98515
-232ab4 (base 12) to base 14
-109c24
10132320101 (base 4) to base 14
228329
What is 97b